nd 16526731?
533
Calculate the highest common divisor of 3014 and 385996.
2
Calculate the greatest common divisor of 950085 and 4986105.
7365
Calculate the greatest common factor of 38 and 665571349.
19
Calculate the highest common factor of 32640921 and 783.
783
Calculate the highest common divisor of 701271297 and 2619.
2619
Calculate the greatest common factor of 110251 and 935.
1
What is the highest common divisor of 4287936 and 134688?
2208
What is the highest common factor of 48 and 70555488?
48
Calculate the greatest common factor of 342983 and 26912.
29
Calculate the highest common factor of 7240 and 650419880.
7240
What is the highest common factor of 60609 and 115611?
267
Calculate the highest common divisor of 3930404090 and 10.
10
What is the highest common factor of 15666057 and 198?
99
Calculate the highest common divisor of 13 and 1389791.
13
What is the highest common divisor of 24766 and 9534098?
406
Calculate the greatest common factor of 938785 and 2419660.
1795
Calculate the highest common divisor of 3576 and 7578696.
24
What is the highest common factor of 11974140 and 1440?
180
Calculate the greatest common factor of 262874298 and 834.
834
Calculate the highest common factor of 34616 and 48204.
4
Calculate the greatest common divisor of 26507565 and 3990.
1995
Calculate the greatest common divisor of 41831090 and 14.
14
Calculate the highest common factor of 29656 and 3156342.
674
Calculate the greatest common factor of 72082 and 42642.
46
Calculate the greatest common divisor of 3682583 and 1015089.
563
What is the greatest common factor of 1112338 and 6398?
914
Calculate the highest common factor of 10360250 and 10003.
1429
What is the greatest common divisor of 21805 and 2361751?
49
What is the greatest common divisor of 657 and 1013434545?
219
Calculate the greatest common factor of 422636 and 12521.
19
Calculate the greatest common factor of 3637773 and 63.
9
What is the highest common factor of 1976 and 261592?
152
Calculate the greatest common divisor of 2601141 and 1407.
201
What is the highest common divisor of 545 and 14540382?
109
What is the greatest common divisor of 3898263 and 5352?
669
Calculate the highest common factor of 287499020 and 20.
20
What is the greatest common factor of 40011958 and 7474?
202
What is the greatest common divisor of 99 and 2009043?
9
Calculate the greatest common divisor of 454898 and 26315.
19
What is the highest common factor of 500 and 43324250?
250
Calculate the highest common divisor of 183608 and 43424.
472
Calculate the highest common factor of 20884 and 592924.
908
What is the highest common divisor of 4236 and 326215419?
1059
Calculate the greatest common factor of 678 and 1377470.
226
What is the highest common factor of 10773 and 34165439?
133
What is the greatest common factor of 286510 and 294?
14
What is the greatest common divisor of 4180437 and 45?
9
What is the highest common divisor of 7752393 and 8415?
99
What is the highest common factor of 13086 and 1600854?
4362
What is the greatest common divisor of 5513872 and 1104181?
7033
Calculate the highest common divisor of 77431 and 47.
1
What is the highest common divisor of 472 and 862588?
4
What is the greatest common factor of 357847419 and 129?
129
Calculate the greatest common divisor of 43 and 9298019.
43
What is the highest common factor of 5006540 and 1666?
14
What is the highest common factor of 16 and 2385264?
16
Calculate the greatest common divisor of 5962 and 43557830.
542
What is the greatest common factor of 56 and 4875388?
28
Calculate the greatest common divisor of 29003 and 178802.
299
Calculate the highest common factor of 127 and 154827986.
127
What is the highest common divisor of 30257870 and 335?
335
Calculate the highest common divisor of 32616 and 25731.
27
What is the highest common divisor of 1021360 and 13600?
1360
What is the greatest common factor of 503 and 1813315?
503
What is the highest common factor of 12111125 and 1885?
1885
What is the highest common factor of 7928244 and 4902?
114
What is the greatest common factor of 46719 and 3470517?
261
What is the highest common divisor of 1243719 and 333?
9
What is the highest common factor of 13342 and 23478?
14
What is the highest common factor of 416 and 12457120?
416
What is the greatest common factor of 337 and 12995731?
337
Calculate the greatest common factor of 2907 and 1800011.
17
What is the highest common divisor of 382 and 253005094?
382
What is the highest common divisor of 234 and 600742662?
78
What is the greatest common divisor of 5707196 and 175764?
604
What is the greatest common factor of 15350 and 88750?
50
Calculate the greatest common divisor of 109914 and 50526.
42
What is the greatest common factor of 674309 and 5687?
47
What is the greatest common factor of 754671 and 182970?
321
What is the highest common divisor of 66670 and 650880?
1130
What is the greatest common divisor of 19073316 and 156?
12
What is the highest common divisor of 1458857548 and 1172?
1172
Calculate the greatest common factor of 1368 and 508744.
152
Calculate the greatest common divisor of 7214 and 157889211.
3607
What is the highest common divisor of 6279 and 4737954?
897
Calculate the greatest common divisor of 264 and 45165747.
33
What is the highest common factor of 212515161 and 3702?
1851
What is the highest common factor of 1150 and 563275?
25
What is the highest common factor of 2564224 and 673348?
1196
What is the highest common factor of 332536 and 430839?
197
Calculate the highest common divisor of 36108 and 172398.
354
Calculate the highest common divisor of 26 and 246346087.
13
Calculate the greatest common factor of 111757150 and 6800.
850
Calculate the highest common divisor of 148216 and 28789048.
1528
What is the highest common factor of 35930 and 67130?
10
What is the highest common factor of 163327115 and 94?
47
What is the greatest common factor of 38300916 and 48?
12
What is the highest common factor of 51182 and 7481678?
314
Calculate the highest common factor of 4920 and 113200590.
1230
Calculate the highest common divisor of 10415356 and 448.
28
What is the greatest common divisor of 346 and 2601747?
173
What is the greatest common divisor of 107962470 and 3080?
770
Calculate the greatest common factor of 1952 and 10899456.
32
What is the greatest common divisor of 266000 and 1567272?
1064
What is the highest common divisor of 105534 and 11?
11
What is the greatest common divisor of 19352 and 2261234?
118
Calculate the greatest common factor of 6 and 7319088.
6
What is the highest common divisor of 984618 and 2394?
342
Calculate the greatest common factor of 240 and 1180680.
120
Calculate the greatest common divisor of 624771 and 18393081.
4431
What is the greatest common divisor of 2487356 and 452?
452
Calculate the greatest common divisor of 3049740 and 1620.
180
Calculate the highest common factor of 52862911 and 986.
493
What is the highest common divisor of 61796530 and 255?
85
What is the greatest common divisor of 129034 and 1108047?
433
What is the highest common factor of 240477860 and 580?
580
Calculate the highest common divisor of 7017740 and 65.
5
Calculate the greatest common factor of 3626055 and 382185.
855
Calculate the highest common divisor of 1718 and 52399.
859
Calculate the greatest common divisor of 8288929 and 11726.
451
What is the greatest common divisor of 176 and 13078208?
176
Calculate the greatest common factor of 3012 and 158426682.
1506
Calculate the greatest common divisor of 6595447 and 4097.
241
Calculate the greatest common factor of 512145 and 133779.
57
Calculate the greatest common divisor of 535 and 11538238.
107
What is the highest common divisor of 12558 and 8045674?
182
Calculate the greatest common factor of 3369 and 5277.
3
Calculate the greatest common factor of 5675268 and 240.
12
What is the greatest common divisor of 349391 and 11137?
259
What is the greatest common factor of 152317 and 781?
11
What is the highest common factor of 1155 and 1530728815?
385
What is the highest common divisor of 8632962 and 83187?
9243
Calculate the highest common divisor of 6895044 and 3172.
52
What is the highest common divisor of 4293 and 4094886?
159
What is the highest common fact